-6*q + 1344 = -r*q. Suppose -6*z + 3*z = -q. List the prime factors of z.
2, 7
Let j = 26491 + 3122. List the prime factors of j.
3, 9871
Suppose -f + 17 = 5. Suppose f = 2*d + 4. Suppose -j = 4*h - 830, 5*h = -6*j + d*j + 1036. What are the prime factors of h?
2, 13
Let h be (4901/116)/(2/(4*2)). Suppose h*r - 5480 = 161*r. What are the prime factors of r?
5, 137
Let d(s) = -43*s - 40. Let y be d(-1). Suppose 11*v - 8*v - y*r - 2256 = 0, -v + 5*r + 736 = 0. What are the prime factors of v?
2, 3, 7
Let w be 8/(-40) + 4 + (-8)/10. What are the prime factors of w*396 + 4/(-16)*-4?
29, 41
Suppose -402 = 5*y + y. Let q = 100 + y. Let v = 132 + q. What are the prime factors of v?
3, 5, 11
Let f(p) = -2*p**2 + p + 5. Let b = 9 - 6. Let h be f(b). List the prime factors of (h - -82)*(0 + 1).
2, 3
Let i(o) = 4*o**3 + o**2 + 2*o + 1. Let z = 47 - 39. Let s(g) = g**3 - 8*g**2 + g - 6. Let t be s(z). What are the prime factors of i(t)?
41
Let c(n) = -100*n - 322. What are the prime factors of c(-6)?
2, 139
Let x = -103 - -59. Suppose 2*j - 294 = -5*d, j + 3*j = 3*d - 166. Let p = x + d. What are the prime factors of p?
2, 7
Suppose 5*j = 4*u + 24885, u - 28865 = -5*j - 3955. What are the prime factors of j?
17, 293
Suppose 10 = -5*a, 5275 = -q - 4*a + 20827. What are the prime factors of q?
2, 5, 389
Let f(n) = n**3 - 2*n**2 - 17*n - 3. Let g be f(5). Let w = 18 + g. Suppose -41 - 41 = -y + w*i, 2*i + 73 = y. What are the prime factors of y?
67
Let k be 38 + -1 - (4 + -1 - 0). Let x be 4*(4 + -3)*k. Let p = -90 + x. List the prime factors of p.
2, 23
Let f(v) = -49650*v + 403. What are the prime factors of f(-1)?
50053
Suppose -332*d = -324*d - 123600. List the prime factors of d.
2, 3, 5, 103
Let t(m) = 2*m**2 - 13*m - 25. Let k be t(19). Let s = k + -209. Suppose -5*w = -i - s, -4*i - 234 = -5*w - 5. List the prime factors of w.
7
Let t = -236 + 218. What are the prime factors of (3/t)/(18/(-46764))?
433
Suppose -149167 + 5275 = 4*d - 10*d. List the prime factors of d.
2, 3, 7, 571
Let k(p) = 322*p**2 - 14*p + 198. What are the prime factors of k(9)?
2, 3, 1453
Let n(f) be the first derivative of -15*f**4/4 + 5*f**3/3 + 3*f**2 + 6*f - 16. What are the prime factors of n(-3)?
2, 3, 73
Let t = 53847 + -19967. What are the prime factors of t?
2, 5, 7, 11
Let k(i) be the third derivative of -5*i**4/6 - 10*i**3/3 - 17*i**2. Let w be k(-7). Let l = -37 + w. What are the prime factors of l?
83
Let j(p) = 4*p**3 - 17*p**2 + 12*p - 34. Let q(o) = -5*o**3 + 17*o**2 - 13*o + 35. Let t(x) = 6*j(x) + 5*q(x). What are the prime factors of t(-19)?
2, 5, 7
Let a = 114 - 112. Suppose 0*i = -i - a*i. List the prime factors of (235 + i)/(((-21)/(-3))/7).
5, 47
Let m(s) = 2*s**2 - 4*s - 13. Let x be m(0). Let r(i) = i**3 + 16*i**2 + 6*i + 55. What are the prime factors of r(x)?
2, 11
Suppose -34 + 8 = u. Let s be (4 - 1) + (-338)/u. List the prime factors of 24/s + 465/2.
2, 3, 13
Let v(w) = -109*w**3 - 11*w**2 - 20*w + 2. What are the prime factors of v(-2)?
2, 3, 5, 29
What are the prime factors of ((-59299 - 20) + -23)/(-2)?
29671
Let f = -474 - -689. Let b = 571 - 567. List the prime factors of (-4)/b + 3 + f + 1.
2, 109
Let b(f) = f**3 + 99*f**2 + 910*f - 101. List the prime factors of b(-87).
7, 13, 127
Let r(d) = -d**2 + d - 102. Let n be r(-18). Suppose j = -87 - 137. Let c = j - n. What are the prime factors of c?
2, 5, 11
Suppose 33*b - 28*b = -5. Let y be b*(-2)/3*393 - 3. Suppose -485 = -6*d + y. What are the prime factors of d?
2, 31
Let l(i) = 19*i**3 - 4*i**2 + 6*i - 3. Let y be l(1). Suppose -5*o = f - 4522, 3*o + 23*f - y*f = 2700. What are the prime factors of o?
5, 181
Let u be (-38)/(-9) - 46/207. Suppose y + 1 = l - 2*l, -l = -u*y + 21. Suppose -y*f = -428 - 200. What are the prime factors of f?
157
Let u = 70 + -66. Suppose -3*f = -p - 372, 4*f + u*p - 483 - 13 = 0. Suppose -4*c - 7*g + 3*g + f = 0, 0 = 2*c - 2*g - 46. List the prime factors of c.
3
Let b(g) = 13*g**2 - 4*g - 21. Let u be b(-8). Suppose -2*o + 327 = -u. List the prime factors of o.
3, 5, 13
Let a(f) = 2*f**2 + 16*f - 6. Let y be a(-9). Suppose 0 - y = -4*j. Suppose 3*g = -0*g - j*o + 804, -4*g + 5*o + 1036 = 0. What are the prime factors of g?
2, 3, 11
Suppose -3*t - 229 = -19. Let y = t - -72. Suppose -y*d = -169 - 167. List the prime factors of d.
2, 3, 7
Let s = -1514 - -1557. Let u = -27 + 89. Let g = u - s. What are the prime factors of g?
19
Let h be 10/15 + 3904/3. Suppose 0 = -8*u + 4550 - h. List the prime factors of u.
2, 7, 29
List the prime factors of (185175/9)/5*2*(-36)/(-40).
3, 823
Suppose u - 2*a - 64412 = 0, 2*u - 128830 = 245*a - 243*a. What are the prime factors of u?
2, 31, 1039
Let t = 52694 + -19519. What are the prime factors of t?
5, 1327
Let u be (4*(-4)/(-16) - 2)*0. Suppose 4*g - 2096 = o, g - 6*g + 2*o + 2620 = u. Suppose 2*b + h - g = 4*h, 0 = 5*h + 10. List the prime factors of b.
7, 37
Let l(q) = q**2 - 17*q - 57. Suppose -20*b = -26*b + 120. Let z be l(b). Suppose -4*y + 4*i - 14 = -614, -5*i - 456 = -z*y. What are the prime factors of y?
3, 7
Let a be 4923/15 + (-3 - 14/(-5)). Let v = 495 - a. Let x = v + -57. List the prime factors of x.
2, 5, 11
Let c(i) = -2*i + 26. Let t be c(16). Let a(w) = w + 10. Let l be a(t). List the prime factors of (6 + -8)/(-4) - (-558)/l.
2, 5, 7
Let m(f) = f**3 - 4*f**2 + f + 1. Let a be m(3). Let c(d) be the first derivative of -d**4/4 - d**3 + 3*d**2 + 2546. What are the prime factors of c(a)?
2, 5
Suppose 4*h - 5*h = 5*u - 1755, 0 = 3*u - 3*h - 1053. Let f = u + -243. List the prime factors of f.
2, 3
Let u be 96/(-52) - 7/((-182)/(-4)). Let z be (-2)/((4/(-1))/u) + 3. Suppose -z*s = -68 - 152. List the prime factors of s.
2, 5, 11
Suppose a - 3*a = -4*q - 2570, 0 = -5*q. List the prime factors of 4/(-10) + a*(-77)/(-175).
5, 113
Suppose 44*k - 48*k + 37066 = y, 0 = -3*k - y + 27799. List the prime factors of k.
3, 3089
Let z(g) = g**2 - 32*g - 103. Let c be z(-3). Suppose c*o = n + 478, -5*o - 5*n + 768 = -442. What are the prime factors of o?
2, 3, 5
Suppose 3*k = 9 + 57. Suppose -26 = -2*y + k. Suppose 0*d = -3*d + 3*a + y, d + 5*a = -22. List the prime factors of d.
3
Suppose 0 = 3*r - 100*c + 105*c - 35774, -2*c = -5*r + 59582. What are the prime factors of r?
2, 59, 101
Suppose 351328 - 221297 + 334321 = 16*x. List the prime factors of x.
2, 3, 7, 691
Suppose 4*a + 1313 = -5*u, -u = a + 104 + 225. Let k = a - -816. What are the prime factors of k?
2, 11
Suppose 0 = -4*w + 2*w - 96. Let c = 50 + w. Suppose -c*a + 2*b - 2 = -88, -131 = -3*a + b. What are the prime factors of a?
2, 11
Suppose 3*q + 2*o = 3, -3*o + 5*o = 3*q - 3. Let m be -1 + q/1 + (-186)/(-3). What are the prime factors of (-6)/(0 + -1 + m/66)?
3, 11
Let g = 365 + -344. Suppose -3592 = -g*w + 2918. What are the prime factors of w?
2, 5, 31
Suppose -43*k = -13*k - 336300. What are the prime factors of k?
2, 5, 19, 59
Let p(w) = w**3 - 5*w**2 - 21*w + 15. Let b be p(7). Let l(y) = -y**3 + 7*y**2 + 8*y - 6. Let c be l(7). Let t = c + b. List the prime factors of t.
2
Suppose 3*d - 32347 = -5*m, -9666 - 1127 = -d + m. What are the prime factors of d?
10789
Let h(s) = s**2 - 6*s - 81. Let t be h(13). Suppose -m = -237 + t. What are the prime factors of m?
227
Let m(q) = 384*q - 88. Let l be m(2). Suppose -26 - 24 = -5*v. Suppose -l + 80 = -v*j. List the prime factors of j.
2, 3, 5
Suppose -11*i = -9*i + 7*i - 156339. What are the prime factors of i?
29, 599
Suppose -4*o + 91596 = 4*a + 18780, -90948 = -5*o + 4*a. What are the prime factors of o?
2, 4549
Let d be 24/(-32) + 1483/4. Suppose 4*u = 5*c - 612, -d = -3*c + 7*u - 6*u. What are the prime factors of c?
2, 31
Let y(c) be the second derivative of -101*c**3/6 + 12*c**2 - 267*c. What are the prime factors of y(-4)?
2, 107
Suppose -9*r - 610720 = 65*r - 129*r. List the prime factors of r.
2, 347
Suppose 58*m = 65*m - 16366. Let q = -1633 + m. List the prime factors of q.
3, 5, 47
Let g = 62 + 48. Suppose 4*u + u = g. What are the prime factors of u?
2, 11
Let s = -148 - -211. Let d = -179 + s. Let l = d - -182. What are the prime factors of l?
2, 3, 11
Let u = 1977 + -3225. List the prime factors of (u/18)/(0 + (-1)/3).
2, 13
Let r(d) be the third derivative of 7*d**4/6 + 26*d**3 + 3*d**2 + 5